{"id":93,"date":"2025-01-06T14:29:29","date_gmt":"2025-01-06T13:29:29","guid":{"rendered":"https:\/\/www.rve06.de\/RVE\/?page_id=93"},"modified":"2025-03-09T20:03:07","modified_gmt":"2025-03-09T19:03:07","slug":"radwandern","status":"publish","type":"page","link":"https:\/\/www.rve06.de\/RVE\/radwandern\/","title":{"rendered":"Radwandern"},"content":{"rendered":"\t\t<div data-elementor-type=\"wp-page\" data-elementor-id=\"93\" class=\"elementor elementor-93\" data-elementor-post-type=\"page\">\n\t\t\t\t<main class=\"elementor-element elementor-element-1e2be02c e-con-full e-flex e-con e-parent\" data-id=\"1e2be02c\" data-element_type=\"container\" data-e-type=\"container\" data-settings=\"{&quot;background_background&quot;:&quot;classic&quot;}\">\n\t\t<div class=\"elementor-element elementor-element-51fec36a e-con-full e-flex e-con e-child\" data-id=\"51fec36a\" data-element_type=\"container\" data-e-type=\"container\" data-settings=\"{&quot;background_background&quot;:&quot;classic&quot;}\">\n\t\t<div class=\"elementor-element elementor-element-4c7f0019 e-flex e-con-boxed e-con e-child\" data-id=\"4c7f0019\" data-element_type=\"container\" data-e-type=\"container\">\n\t\t\t\t\t<div class=\"e-con-inner\">\n\t\t\t\t<div class=\"elementor-element elementor-element-6322953c elementor-widget elementor-widget-heading\" data-id=\"6322953c\" data-element_type=\"widget\" data-e-type=\"widget\" data-widget_type=\"heading.default\">\n\t\t\t\t<div class=\"elementor-widget-container\">\n\t\t\t\t\t<h1 class=\"elementor-heading-title elementor-size-default\">RV&nbsp;edelweiss<br>\n<b>Radwandern<\/b><\/h1>\t\t\t\t<\/div>\n\t\t\t\t<\/div>\n\t\t\t\t<div class=\"elementor-element elementor-element-6a1a8180 elementor-widget elementor-widget-text-editor\" data-id=\"6a1a8180\" data-element_type=\"widget\" data-e-type=\"widget\" data-widget_type=\"text-editor.default\">\n\t\t\t\t<div class=\"elementor-widget-container\">\n\t\t\t\t\t\t\t\t\t<p>Mittwochs &amp; sonntags Mettmann und Umgebung erkunden<\/p>\t\t\t\t\t\t\t\t<\/div>\n\t\t\t\t<\/div>\n\t\t\t\t\t<\/div>\n\t\t\t\t<\/div>\n\t\t\t\t<\/div>\n\t\t<div class=\"elementor-element elementor-element-416d7811 e-flex e-con-boxed e-con e-child\" data-id=\"416d7811\" data-element_type=\"container\" data-e-type=\"container\">\n\t\t\t\t\t<div class=\"e-con-inner\">\n\t\t<div class=\"elementor-element elementor-element-1d9f9af9 e-con-full e-flex e-con e-child\" data-id=\"1d9f9af9\" data-element_type=\"container\" data-e-type=\"container\" data-settings=\"{&quot;background_background&quot;:&quot;classic&quot;}\">\n\t\t<div class=\"elementor-element elementor-element-5d83c6ba e-con-full e-flex e-con e-child\" data-id=\"5d83c6ba\" data-element_type=\"container\" data-e-type=\"container\">\n\t\t<div class=\"elementor-element elementor-element-31f033f9 e-con-full e-flex e-con e-child\" data-id=\"31f033f9\" data-element_type=\"container\" data-e-type=\"container\">\n\t\t<div class=\"elementor-element elementor-element-1fc45f37 e-con-full e-flex e-con e-child\" data-id=\"1fc45f37\" data-element_type=\"container\" data-e-type=\"container\">\n\t\t\t\t<div class=\"elementor-element elementor-element-43c73441 elementor-widget elementor-widget-text-editor\" data-id=\"43c73441\" data-element_type=\"widget\" data-e-type=\"widget\" data-widget_type=\"text-editor.default\">\n\t\t\t\t<div class=\"elementor-widget-container\">\n\t\t\t\t\t\t\t\t\t<h2><b>Radwandern mit dem RV&nbsp;Edelwei\u00df <\/b><\/h2>\n<div><\/div>\nDie Radwanderer vom RV-Edelweiss-Mettmann fahren jeden Mittwoch, Sonntag und an manchen Feiertagen mit einem ortskundigen Wanderf\u00fchrer. Es wird die Tour mit Besuch von\nSehensw\u00fcrdigkeiten, Veranstaltungen und zeitlicher L\u00e4nge besprochen. Eine Einkehr ist immer vorgesehen, um das gem\u00fctliche Beisammensein\noder technische Fragen zu er\u00f6rtern. Spa\u00df, Wohlbefinden mit Sportlichkeit stehen im Vordergrund.\n<span class=\"fs10lh1-5\">Ist eine Steigung zu steil, wird auch schon mal abgestiegen (wir sind ja die Radwanderer). Geselligkeit und Freude am Fahren stehen im Vordergrund. Jeder, der ein verkehrstaugliches Fahrrad oder auch Pedelec besitzt, ist willkommen.<\/span>\n<div><\/div>\n<div>Hier f\u00fcr Interessierte und Neugierige eine \u00dcbersicht von Touren und <b><span class=\"fs10lh1-5\">Einblicke in unsere Radwanderer-Geselligkeit (da muss noch ein Link hin, die PDF hat nicht geladen &#8211; neu hochladen)<\/span><\/b><b><\/b><\/div>\n<div><\/div>\n<div>Treffpunkt ist am Jubil\u00e4umsplatz. Sonntags um 10.00 Uhr, am Mittwoch um 17.00 Uhr am Jubil\u00e4umsplatz. <span class=\"fs10lh1-5\">In der <em><strong>Winterzeit<\/strong><\/em> (Anfang Oktober bis Ostern) mittwochs schon um 14.00 Uhr.<\/span><\/div>\n<div><\/div>\n<div><span class=\"fs10lh1-5\">Euere Anne &#8211; <\/span><span class=\"fs10lh1-5\">Fachw\u00e4rtin Radwandern<\/span><\/div>\t\t\t\t\t\t\t\t<\/div>\n\t\t\t\t<\/div>\n\t\t\t\t<\/div>\n\t\t<div class=\"elementor-element elementor-element-750c03a0 e-con-full e-flex e-con e-child\" data-id=\"750c03a0\" data-element_type=\"container\" data-e-type=\"container\">\n\t\t\t\t<div class=\"elementor-element elementor-element-3104417 elementor-widget elementor-widget-image\" data-id=\"3104417\" data-element_type=\"widget\" data-e-type=\"widget\" data-widget_type=\"image.default\">\n\t\t\t\t<div class=\"elementor-widget-container\">\n\t\t\t\t\t\t\t\t\t\t\t\t\t\t\t<img fetchpriority=\"high\" decoding=\"async\" width=\"666\" height=\"374\" src=\"https:\/\/www.rve06.de\/RVE\/wp-content\/uploads\/2025\/01\/Xperia-Z-129.webp\" class=\"attachment-full size-full wp-image-96\" alt=\"\" srcset=\"https:\/\/www.rve06.de\/RVE\/wp-content\/uploads\/2025\/01\/Xperia-Z-129.webp 666w, https:\/\/www.rve06.de\/RVE\/wp-content\/uploads\/2025\/01\/Xperia-Z-129-300x168.webp 300w\" sizes=\"(max-width: 666px) 100vw, 666px\" \/>\t\t\t\t\t\t\t\t\t\t\t\t\t\t\t<\/div>\n\t\t\t\t<\/div>\n\t\t\t\t<div class=\"elementor-element elementor-element-17725e45 elementor-widget elementor-widget-button\" data-id=\"17725e45\" data-element_type=\"widget\" data-e-type=\"widget\" data-widget_type=\"button.default\">\n\t\t\t\t<div class=\"elementor-widget-container\">\n\t\t\t\t\t\t\t\t\t<div class=\"elementor-button-wrapper\">\n\t\t\t\t\t<a class=\"elementor-button elementor-button-link elementor-size-sm elementor-animation-grow\" href=\"mailto:radwandern@rve06.de\">\n\t\t\t\t\t\t<span class=\"elementor-button-content-wrapper\">\n\t\t\t\t\t\t<span class=\"elementor-button-icon\">\n\t\t\t\t<svg aria-hidden=\"true\" class=\"e-font-icon-svg e-fas-envelope\" viewBox=\"0 0 512 512\" xmlns=\"http:\/\/www.w3.org\/2000\/svg\"><path d=\"M502.3 190.8c3.9-3.1 9.7-.2 9.7 4.7V400c0 26.5-21.5 48-48 48H48c-26.5 0-48-21.5-48-48V195.6c0-5 5.7-7.8 9.7-4.7 22.4 17.4 52.1 39.5 154.1 113.6 21.1 15.4 56.7 47.8 92.2 47.6 35.7.3 72-32.8 92.3-47.6 102-74.1 131.6-96.3 154-113.7zM256 320c23.2.4 56.6-29.2 73.4-41.4 132.7-96.3 142.8-104.7 173.4-128.7 5.8-4.5 9.2-11.5 9.2-18.9v-19c0-26.5-21.5-48-48-48H48C21.5 64 0 85.5 0 112v19c0 7.4 3.4 14.3 9.2 18.9 30.6 23.9 40.7 32.4 173.4 128.7 16.8 12.2 50.2 41.8 73.4 41.4z\"><\/path><\/svg>\t\t\t<\/span>\n\t\t\t\t\t\t\t\t\t<span class=\"elementor-button-text\">E-Mail schreiben<\/span>\n\t\t\t\t\t<\/span>\n\t\t\t\t\t<\/a>\n\t\t\t\t<\/div>\n\t\t\t\t\t\t\t\t<\/div>\n\t\t\t\t<\/div>\n\t\t\t\t<\/div>\n\t\t\t\t<\/div>\n\t\t\t\t<\/div>\n\t\t\t\t<\/div>\n\t\t\t\t\t<\/div>\n\t\t\t\t<\/div>\n\t\t\t\t<\/main>\n\t\t\t\t<\/div>\n\t\t","protected":false},"excerpt":{"rendered":"<p>RV&nbsp;edelweiss Radwandern Mittwochs &amp; sonntags Mettmann und Umgebung erkunden Radwandern mit dem RV&nbsp;Edelwei\u00df Die Radwanderer vom RV-Edelweiss-Mettmann fahren jeden Mittwoch, Sonntag und an manchen Feiertagen mit einem ortskundigen Wanderf\u00fchrer. Es wird die Tour mit Besuch von Sehensw\u00fcrdigkeiten, Veranstaltungen und zeitlicher L\u00e4nge besprochen. Eine Einkehr ist immer vorgesehen, um das gem\u00fctliche Beisammensein oder technische Fragen zu [&hellip;]<\/p>\n","protected":false},"author":1,"featured_media":0,"parent":0,"menu_order":0,"comment_status":"closed","ping_status":"closed","template":"elementor_header_footer","meta":{"footnotes":""},"class_list":["post-93","page","type-page","status-publish","hentry"],"_links":{"self":[{"href":"https:\/\/www.rve06.de\/RVE\/wp-json\/wp\/v2\/pages\/93","targetHints":{"allow":["GET"]}}],"collection":[{"href":"https:\/\/www.rve06.de\/RVE\/wp-json\/wp\/v2\/pages"}],"about":[{"href":"https:\/\/www.rve06.de\/RVE\/wp-json\/wp\/v2\/types\/page"}],"author":[{"embeddable":true,"href":"https:\/\/www.rve06.de\/RVE\/wp-json\/wp\/v2\/users\/1"}],"replies":[{"embeddable":true,"href":"https:\/\/www.rve06.de\/RVE\/wp-json\/wp\/v2\/comments?post=93"}],"version-history":[{"count":5,"href":"https:\/\/www.rve06.de\/RVE\/wp-json\/wp\/v2\/pages\/93\/revisions"}],"predecessor-version":[{"id":375,"href":"https:\/\/www.rve06.de\/RVE\/wp-json\/wp\/v2\/pages\/93\/revisions\/375"}],"wp:attachment":[{"href":"https:\/\/www.rve06.de\/RVE\/wp-json\/wp\/v2\/media?parent=93"}],"curies":[{"name":"wp","href":"https:\/\/api.w.org\/{rel}","templated":true}]}}